List the prime factors of 34438682.
2, 23, 401, 1867
List the prime factors of 3071136687.
3, 19, 67, 797, 1009
List the prime factors of 34499721.
3, 11499907
What are the prime factors of 2276175234?
2, 3, 83, 4570633
List the prime factors of 95040904.
2, 7, 1697159
List the prime factors of 70743067.
70743067
What are the prime factors of 2121908400?
2, 3, 5, 79, 829
List the prime factors of 224086422.
2, 3, 7, 29, 183979
What are the prime factors of 49794607?
1399, 35593
What are the prime factors of 58074418?
2, 197, 147397
What are the prime factors of 2659694837?
2659694837
What are the prime factors of 1948748921?
7, 47, 521, 11369
List the prime factors of 42933353.
2531, 16963
List the prime factors of 918667.
167, 5501
What are the prime factors of 34047620?
2, 5, 19, 89599
List the prime factors of 1657529060.
2, 5, 11, 313, 24071
What are the prime factors of 232313706?
2, 3, 12906317
What are the prime factors of 64067859?
3, 179, 39769
List the prime factors of 78566531.
349, 225119
What are the prime factors of 2926824820?
2, 5, 3701, 39541
List the prime factors of 474657505.
5, 7, 173, 277, 283
List the prime factors of 168117896.
2, 17, 1236161
What are the prime factors of 97455521?
37, 1609, 1637
What are the prime factors of 323610952?
2, 7, 5778767
List the prime factors of 31437413.
7, 1009, 4451
What are the prime factors of 32192968?
2, 17, 236713
What are the prime factors of 2715649778?
2, 43, 31577323
What are the prime factors of 3593348248?
2, 7, 19, 3377207
List the prime factors of 174361035.
3, 5, 191, 60859
List the prime factors of 280622810.
2, 5, 13, 53, 241
List the prime factors of 744071957.
43, 17303999
What are the prime factors of 5593687868?
2, 34421, 40627
List the prime factors of 24166354.
2, 12083177
What are the prime factors of 250519466?
2, 641, 195413
What are the prime factors of 313451830?
2, 5, 113, 241, 1151
What are the prime factors of 25936609?
25936609
What are the prime factors of 3493017791?
163, 21429557
List the prime factors of 45353134.
2, 41, 61, 9067
List the prime factors of 51882424.
2, 11, 43, 13711
What are the prime factors of 111914773?
857, 130589
What are the prime factors of 799604948?
2, 31, 6448427
List the prime factors of 18226731.
3, 6075577
List the prime factors of 3949647.
3, 13, 101273
What are the prime factors of 420454276?
2, 11, 9555779
List the prime factors of 1255135293.
3, 139459477
List the prime factors of 3113618227.
3113618227
What are the prime factors of 47476622?
2, 23738311
List the prime factors of 36183892.
2, 137, 66029
What are the prime factors of 120966023?
443, 273061
What are the prime factors of 1523389302?
2, 3, 28210913
What are the prime factors of 85924230?
2, 3, 5, 7, 409163
What are the prime factors of 139967391?
3, 1103, 42299
What are the prime factors of 20655919?
20655919
List the prime factors of 24830279.
163, 347, 439
List the prime factors of 1262155210.
2, 5, 127, 993823
What are the prime factors of 654631914?
2, 3, 43, 127, 19979
What are the prime factors of 540888886?
2, 571, 473633
List the prime factors of 294157684.
2, 433, 169837
List the prime factors of 41779776.
2, 3, 23, 9461
List the prime factors of 458927656.
2, 11, 151, 34537
What are the prime factors of 247161700?
2, 5, 137, 18041
What are the prime factors of 75171622?
2, 2297, 16363
What are the prime factors of 817032460?
2, 5, 89, 459007
What are the prime factors of 131090651?
131090651
What are the prime factors of 260518887?
3, 37, 782339
What are the prime factors of 154451263?
199, 776137
List the prime factors of 177768319.
11279, 15761
List the prime factors of 186501037.
5987, 31151
List the prime factors of 164716200.
2, 3, 5, 11, 47, 59
List the prime factors of 51623931.
3, 19, 905683
List the prime factors of 34280553.
3, 107, 269, 397
List the prime factors of 1083152125.
5, 11, 787747
What are the prime factors of 398205687?
3, 11, 2389, 5051
What are the prime factors of 310270814?
2, 7, 103, 2089
List the prime factors of 32687457.
3, 11, 990529
List the prime factors of 209310877.
209310877
List the prime factors of 368133376.
2, 13, 67, 127
List the prime factors of 34757329.
83, 418763
What are the prime factors of 1745042259?
3, 29, 1873, 10709
What are the prime factors of 46312403?
17, 991, 2749
What are the prime factors of 696876873?
3, 7, 11, 29, 193
What are the prime factors of 43049895?
3, 5, 7, 409999
What are the prime factors of 588830202?
2, 3, 101, 107, 1009
What are the prime factors of 4217220211?
107, 313, 125921
List the prime factors of 1162571859.
3, 14352739
List the prime factors of 66891837.
3, 19, 1173541
What are the prime factors of 62681610?
2, 3, 5, 101, 137, 151
What are the prime factors of 164964583?
7, 17, 401, 3457
What are the prime factors of 2093346695?
5, 11, 38060849
List the prime factors of 430296424.
2, 281, 191413
What are the prime factors of 1106642335?
5, 113, 601, 3259
List the prime factors of 558152513.
43, 71, 182821
List the prime factors of 206948594.
2, 43, 2406379
What are the prime factors of 76953712?
2, 11, 437237
List the prime factors of 435754579.
13, 33519583
List the prime factors of 73536960.
2, 3, 5, 7, 31, 353
List the prime factors of 153070276.
2, 38267569
List the prime factors of 144811312.
2, 19, 23, 139, 149
What are the prime factors of 59584936?
2, 73, 257, 397
What are the prime factors of 93096090?
2, 3, 5, 29, 53, 673
List the prime factors of 101446195.
5, 1321, 15359
What are the prime factors of 480549815?
5, 96109963
What are the prime factors of 1687729989?
3, 11, 137, 241, 1549
List the prime factors of 64790616.
2, 3, 11, 245419
What are the prime factors of 42593345?
5, 19, 448351
List the prime factors of 47685088.
2, 11, 135469
What are the prime factors of 4632124481?
107, 43290883
What are the prime factors of 67928659?
281, 241739
What are the prime factors of 319808206?
2, 1453, 110051
List the prime factors of 45103621.
23, 1961027
List the prime factors of 16316155.
5, 19, 41, 59, 71
What are the prime factors of 264357839?
233, 1134583
What are the prime factors of 640612396?
2, 31, 1619, 3191
List the prime factors of 193118217.
3, 64372739
What are the prime factors of 822112278?
2, 3, 13, 2273, 4637
What are the prime factors of 242774510?
2, 5, 11, 61, 97, 373
List the prime factors of 33884327.
41, 199, 4153
List the prime factors of 337332228.
2, 3, 28111019
What are the prime factors of 1680042635?
5, 503, 668009
What are the prime factors of 9304537642?
2, 47, 53, 1867631
What are the prime factors of 5752828031?
5752828031
What are the prime factors of 237083384?
2, 331, 89533
List the prime factors of 168042561.
3, 59, 593, 1601
What are the prime factors of 974731383?
3, 29, 61, 61223
What are the prime factors of 2699002712?
2, 7, 23, 299357
What are the prime factors of 6083479537?
6083479537
What are the prime factors of 823699349?
11, 74881759
List the prime factors of 25595048.
2, 223, 14347
What are the prime factors of 659196256?
2, 61, 199, 1697
List the prime factors of 40122411.
3, 7, 647, 2953
What are the prime factors of 4089488?
2, 13, 19661
List the prime factors of 32200440.
2, 3, 5, 19, 29, 487
What are the prime factors of 381655310?
2, 5, 5399, 7069
List the prime factors of 45768944.
2, 13, 293, 751
List the prime factors of 136046733.
3, 17, 41, 65063
What are the prime factors of 124909365?
3, 5, 7, 1189613
What are the prime factors of 194688693?
3, 1493, 14489
List the prime factors of 8805191.
509, 17299
List the prime factors of 83888039.
29, 421, 6871
What are the prime factors of 50418913?
19, 331, 8017
What are the prime factors of 1120158643?
43, 26050201
List the prime factors of 230150543.
7, 127, 258887
What are the prime factors of 2331010778?
2, 29, 47, 199, 4297
What are the prime factors of 669011253?
3, 4969, 44879
List the prime factors of 72440291.
7, 11, 940783
What are the prime factors of 613604280?
2, 3, 5, 5113369
What are the prime factors of 3492794362?
2, 1746397181
What are the prime factors of 361823662?
2, 29, 193, 32323
List the prime factors of 70530615.
3, 5, 522449
What are the prime factors of 3245132?
2, 11, 131, 563
What are the prime factors of 620563744?
2, 19